{"id":526,"date":"2016-01-05T12:36:12","date_gmt":"2016-01-05T11:36:12","guid":{"rendered":"http:\/\/fucina62.noblogs.org\/?page_id=526"},"modified":"2016-01-05T18:42:32","modified_gmt":"2016-01-05T17:42:32","slug":"in-evidenza","status":"publish","type":"page","link":"https:\/\/fucina62.noblogs.org\/?page_id=526","title":{"rendered":"A proposito di&#8230;"},"content":{"rendered":"<h3 style=\"text-align: justify\"><span style=\"color: #000000\"><a href=\"https:\/\/fucina62.noblogs.org\/?attachment_id=1164\" rel=\"attachment wp-att-1164\"><img loading=\"lazy\" decoding=\"async\" class=\"alignleft wp-image-1164 size-large\" src=\"https:\/\/fucina62.noblogs.org\/files\/2015\/09\/12039286_1475237656115472_1845347418775455049_n-283x300.jpg\" alt=\"12039286_1475237656115472_1845347418775455049_n\" width=\"283\" height=\"300\" srcset=\"https:\/\/fucina62.noblogs.org\/files\/2015\/09\/12039286_1475237656115472_1845347418775455049_n-283x300.jpg 283w, https:\/\/fucina62.noblogs.org\/files\/2015\/09\/12039286_1475237656115472_1845347418775455049_n.jpg 907w\" sizes=\"auto, (max-width: 283px) 100vw, 283px\" \/><\/a> Nel 2012 abbiamo preso in affitto un locale in via Ettore Giovenale 62, uno spazio che \u00e8 allo stesso tempo una cristallizzazione di un nostro desiderio e un\u2019apertura al possibile. Discutendo e facendo delle cose insieme ai compagni, gli amici e gli abitanti di questo quartiere abbiamo maturato un desiderio comune: farla finita con l\u2019apatia e la separazione che governano la vita quotidiana e sperimentare la creazione di uno spazio di condivisione e di lotta raggiungibile da chiunque voglia \u201cabitare\u201d questo territorio. In questo senso non siamo una somma di individui che aprono un contenitore di simpatiche attivit\u00e0. Partiamo da una sensibilit\u00e0 condivisa che \u00e8 politica ed esistenziale e che vuole divenire una determinazione sempre pi\u00f9 collettiva.<\/span><\/h3>\n<h3 style=\"text-align: justify\"><span style=\"color: #000000\">Siamo persone con storie e provenienze differenti, giunti in questo quartiere con modi e tempi diversi -c\u2019\u00e8 chi vi abita, chi ci lavora, chi vi ha stretto amicizie e chi semplicemente lo trova maggiormente accogliente rispetto ad altri spazi metropolitani.<\/span><\/h3>\n<h3 style=\"text-align: justify\"><span style=\"color: #000000\">La Fucina \u00e8 un progetto che nasce dalla necessit\u00e0 di dotarci di una forza materiale autonoma nel quartiere, di ricostruire una costellazione di infrastrutture autonomo. Un luogo che abbiamo pensato da subito come qualcosa di comune e che riesca a proiettare praticamente questa inclinazione sul territorio. Forse anche per questo abbiamo trovato il sostegno di tutti voi, di tutti coloro che pensano sia giusto e possibile organizzarsi dandosi i mezzi della propria autonomia dall\u2019economia e dallo Stato. Crediamo che oggi nel nostro quartiere abbiamo tutti bisogno di esperienze di condivisione, di costruire legami solidali, di mutuo appoggio, di intensificare le relazioni. Organizzare le nostre basi materiali, densificare la circolazione ed i legami tra esse. Creare luoghi senza esserne proprietari e senza gestirli come tali, restituendoli all\u2019uso comune. Creare un\u2019articolazione territoriale, una forma di vita incentrata sull\u2019uso, la condivisione dei mezzi e dei saperi ad essi legati, sulla solidariet\u00e0 e sull\u2019amicizia, che sappia opporsi al modo in cui ci viene imposto di vivere.<\/span><\/h3>\n<h3 style=\"text-align: justify\"><span style=\"color: #000000\">Per questo insieme abbiamo deciso dotarci di mezzi per vivere e lottare, e per far questo abbiamo dato corpo a dei progetti (infoshop, inchiesta nel quartiere, gruppo di acquisto, officina di aggiustaggio, la fucina dei bambini, mal di lavoro, cinema fucina) e altri ne verranno, ma la cosa pi\u00f9 importante per noi risiede nel fatto che ciascun progetto, sebbene possa nascere da un desiderio singolare o da un bisogno individuale, sia messo a disposizione di tutti.<\/span><\/h3>\n<h3 style=\"text-align: justify\"><span style=\"color: #000000\">Questi progetti\u00a0 si svolgono all\u2019interno di un quartiere in via di gentrificazione, dove dietro ai cosiddetti processi di riqualificazione si nascondono le speculazioni, la sostituzione degli abitanti originari, il costo della vita sempre crescente, la militarizzazione dei quartieri che comporta un controllo sempre maggiore sulle nostre vite. Siamo consapevoli del fatto che per realizzare tutto questo una delle strategie messe in campo dal potere \u00e8 quella di produrre sempre maggiore separazione ed isolamento tra coloro che abitano il quartiere: tra commercianti e abitanti, abitanti e spacciatori, abitanti e turisti della movida, abitanti tra loro ecc.<\/span><\/h3>\n<h3 style=\"text-align: justify\"><span style=\"color: #000000\">Per noi la Fucina non \u00e8 lo spazio del gruppo che l&#8217;ha presa in gestione dal principio, ma il luogo in cui tutti i singoli e i gruppi che ne condividono l&#8217;idea di fondo possono organizzarsi e abitarlo insieme, insomma, una base nel quartiere.<\/span><\/h3>\n<h3 style=\"text-align: justify\"><span style=\"color: #000000\">Ma, per mantenere vivo questo spazio, la questione dei soldi \u00e8 difficilmente aggirabile. Inoltre ulteriori risorse sono necessarie per rendere il luogo accogliente, aggiornare il materiale e favorire gli incontri. Per questo organizziamo spesso iniziative di autofinanziamento.<br \/>\n<\/span><\/h3>\n<h3 style=\"text-align: justify\"><span style=\"color: #000000\">Per noi \u00e8 fondamentale mantenere in vita questo luogo e tutte le possibilit\u00e0 che esso offre, provando ad evitare la mercificazione delle relazioni, basandosi sul mutuo appoggio e la solidariet\u00e0.<\/span><\/h3>\n<h3 style=\"text-align: justify\"><strong>FUCINA62 E&#8217; APERTA TUTTI I VENERDI DALLE ORE 17.00 ALLE 0RE 20.00<\/strong><\/h3>\n<h3 style=\"text-align: justify\"><span style=\"color: #000000\">\u00a0<\/span><\/h3>\n","protected":false},"excerpt":{"rendered":"<p>Nel 2012 abbiamo preso in affitto un locale in via Ettore Giovenale 62, uno spazio che \u00e8 allo stesso tempo una cristallizzazione di un nostro desiderio e un\u2019apertura al possibile. Discutendo e facendo delle cose insieme ai compagni, gli amici e gli abitanti di questo quartiere abbiamo maturato un desiderio comune: farla finita con l\u2019apatia [&hellip;]<\/p>\n","protected":false},"author":7625,"featured_media":0,"parent":0,"menu_order":0,"comment_status":"closed","ping_status":"closed","template":"","meta":{"footnotes":""},"class_list":["post-526","page","type-page","status-publish","hentry"],"_links":{"self":[{"href":"https:\/\/fucina62.noblogs.org\/index.php?rest_route=\/wp\/v2\/pages\/526","targetHints":{"allow":["GET"]}}],"collection":[{"href":"https:\/\/fucina62.noblogs.org\/index.php?rest_route=\/wp\/v2\/pages"}],"about":[{"href":"https:\/\/fucina62.noblogs.org\/index.php?rest_route=\/wp\/v2\/types\/page"}],"author":[{"embeddable":true,"href":"https:\/\/fucina62.noblogs.org\/index.php?rest_route=\/wp\/v2\/users\/7625"}],"replies":[{"embeddable":true,"href":"https:\/\/fucina62.noblogs.org\/index.php?rest_route=%2Fwp%2Fv2%2Fcomments&post=526"}],"version-history":[{"count":36,"href":"https:\/\/fucina62.noblogs.org\/index.php?rest_route=\/wp\/v2\/pages\/526\/revisions"}],"predecessor-version":[{"id":1308,"href":"https:\/\/fucina62.noblogs.org\/index.php?rest_route=\/wp\/v2\/pages\/526\/revisions\/1308"}],"wp:attachment":[{"href":"https:\/\/fucina62.noblogs.org\/index.php?rest_route=%2Fwp%2Fv2%2Fmedia&parent=526"}],"curies":[{"name":"wp","href":"https:\/\/api.w.org\/{rel}","templated":true}]}}